{"id":23,"date":"2012-07-10T10:20:34","date_gmt":"2012-07-10T10:20:34","guid":{"rendered":"http:\/\/clinicanovovisionchina.com\/?page_id=23"},"modified":"2019-05-28T17:12:12","modified_gmt":"2019-05-28T17:12:12","slug":"%e4%bb%b7%e6%a0%bc","status":"publish","type":"page","link":"https:\/\/clinicanovovisionchina.com\/?page_id=23","title":{"rendered":"\u4ef7\u683c"},"content":{"rendered":"<div class=\"fusion-fullwidth fullwidth-box fusion-builder-row-1 nonhundred-percent-fullwidth non-hundred-percent-height-scrolling\" style=\"--awb-border-radius-top-left:0px;--awb-border-radius-top-right:0px;--awb-border-radius-bottom-right:0px;--awb-border-radius-bottom-left:0px;--awb-flex-wrap:wrap;\" ><div class=\"fusion-builder-row fusion-row\"><div class=\"fusion-layout-column fusion_builder_column fusion-builder-column-0 fusion_builder_column_1_3 1_3 fusion-one-third fusion-column-first\" style=\"--awb-bg-size:cover;--awb-margin-bottom:0px;width:30.6666%; margin-right: 4%;\"><div class=\"fusion-column-wrapper fusion-flex-column-wrapper-legacy\"><div class=\"fusion-image-element fusion-image-align-center in-legacy-container\" style=\"text-align:center;--awb-caption-title-font-family:var(--h2_typography-font-family);--awb-caption-title-font-weight:var(--h2_typography-font-weight);--awb-caption-title-font-style:var(--h2_typography-font-style);--awb-caption-title-size:var(--h2_typography-font-size);--awb-caption-title-transform:var(--h2_typography-text-transform);--awb-caption-title-line-height:var(--h2_typography-line-height);--awb-caption-title-letter-spacing:var(--h2_typography-letter-spacing);\"><div class=\"imageframe-align-center\"><span class=\" fusion-imageframe imageframe-none imageframe-1 hover-type-none\"><img decoding=\"async\" width=\"226\" height=\"230\" title=\"qr\" src=\"https:\/\/clinicanovovisionchina.com\/wp-content\/uploads\/2012\/07\/qr.png\" alt class=\"img-responsive wp-image-100\"\/><\/span><\/div><\/div><div class=\"fusion-clearfix\"><\/div><\/div><\/div><div class=\"fusion-layout-column fusion_builder_column fusion-builder-column-1 fusion_builder_column_2_3 2_3 fusion-two-third fusion-column-last\" style=\"--awb-bg-size:cover;--awb-margin-bottom:0px;width:65.3333%;\"><div class=\"fusion-column-wrapper fusion-flex-column-wrapper-legacy\"><div class=\"fusion-text fusion-text-1\"><p>\u5173\u4e8e\u6fc0\u5149\u624b\u672f\u4ef7\u683c\uff0c\u6b22\u8fce\u6765\u7535\u6216\u5fae\u4fe1\u54a8\u8be2\uff0c\u8fd8\u53ef\u4ee5\u901a\u8fc7\u4ee5\u4e0b\u65b9\u5f0f\u8054\u7cfb\u6211\u4eec<\/p>\n<p>\u4f60\u77e5\u9053\u5417\uff1f\u590f\u5b63\u60ca\u559c\u6765\u88ad\uff01\u591a\u591a\u4f18\u60e0\u7b49\u7740\u4f60\uff01\u8fd8\u4e0d\u62ff\u8d77\u7535\u8bdd\u6216\u5fae\u4fe1\u626b\u63cf\u6211\u4eec\uff01<\/p>\n<p>\u6211\u4eec\u4e0d\u4ec5\u6709\u4e2d\u6587\u70ed\u7ebf\uff0c\u8fd8\u6709\u514d\u8d39\u5168\u7a0b\u4e2d\u6587\u966a\u540c\u670d\u52a1\u3002<\/p>\n<p>\u8054\u7cfb\u7535\u8bdd <strong>652324044<\/strong> (\u5fae\u4fe1 we chat)<\/p>\n<\/div><div class=\"fusion-clearfix\"><\/div><\/div><\/div><\/div><\/div>\n","protected":false},"excerpt":{"rendered":"","protected":false},"author":1,"featured_media":0,"parent":0,"menu_order":0,"comment_status":"closed","ping_status":"open","template":"","meta":{"footnotes":""},"yoast_head":"<!-- This site is optimized with the Yoast SEO plugin v22.8 - https:\/\/yoast.com\/wordpress\/plugins\/seo\/ -->\n<title>\u4ef7\u683c - Novovisi\u00f3n China<\/title>\n<meta name=\"robots\" content=\"index, follow, max-snippet:-1, max-image-preview:large, max-video-preview:-1\" \/>\n<link rel=\"canonical\" href=\"https:\/\/clinicanovovisionchina.com\/?page_id=23\" \/>\n<meta property=\"og:locale\" content=\"es_ES\" \/>\n<meta property=\"og:type\" content=\"article\" \/>\n<meta property=\"og:title\" content=\"\u4ef7\u683c - Novovisi\u00f3n China\" \/>\n<meta property=\"og:url\" content=\"https:\/\/clinicanovovisionchina.com\/?page_id=23\" \/>\n<meta property=\"og:site_name\" content=\"Novovisi\u00f3n China\" \/>\n<meta property=\"article:modified_time\" content=\"2019-05-28T17:12:12+00:00\" \/>\n<meta name=\"twitter:card\" content=\"summary_large_image\" \/>\n<meta name=\"twitter:label1\" content=\"Tiempo de lectura\" \/>\n\t<meta name=\"twitter:data1\" content=\"2 minutos\" \/>\n<script type=\"application\/ld+json\" class=\"yoast-schema-graph\">{\"@context\":\"https:\/\/schema.org\",\"@graph\":[{\"@type\":\"WebPage\",\"@id\":\"https:\/\/clinicanovovisionchina.com\/?page_id=23\",\"url\":\"https:\/\/clinicanovovisionchina.com\/?page_id=23\",\"name\":\"\u4ef7\u683c - Novovisi\u00f3n China\",\"isPartOf\":{\"@id\":\"https:\/\/clinicanovovisionchina.com\/#website\"},\"datePublished\":\"2012-07-10T10:20:34+00:00\",\"dateModified\":\"2019-05-28T17:12:12+00:00\",\"breadcrumb\":{\"@id\":\"https:\/\/clinicanovovisionchina.com\/?page_id=23#breadcrumb\"},\"inLanguage\":\"es\",\"potentialAction\":[{\"@type\":\"ReadAction\",\"target\":[\"https:\/\/clinicanovovisionchina.com\/?page_id=23\"]}]},{\"@type\":\"BreadcrumbList\",\"@id\":\"https:\/\/clinicanovovisionchina.com\/?page_id=23#breadcrumb\",\"itemListElement\":[{\"@type\":\"ListItem\",\"position\":1,\"name\":\"Portada\",\"item\":\"https:\/\/clinicanovovisionchina.com\/\"},{\"@type\":\"ListItem\",\"position\":2,\"name\":\"\u4ef7\u683c\"}]},{\"@type\":\"WebSite\",\"@id\":\"https:\/\/clinicanovovisionchina.com\/#website\",\"url\":\"https:\/\/clinicanovovisionchina.com\/\",\"name\":\"Novovisi\u00f3n China\",\"description\":\"Cl\u00ednica Oftalmol\u00f3gica\",\"potentialAction\":[{\"@type\":\"SearchAction\",\"target\":{\"@type\":\"EntryPoint\",\"urlTemplate\":\"https:\/\/clinicanovovisionchina.com\/?s={search_term_string}\"},\"query-input\":\"required name=search_term_string\"}],\"inLanguage\":\"es\"}]}<\/script>\n<!-- \/ Yoast SEO plugin. -->","yoast_head_json":{"title":"\u4ef7\u683c - Novovisi\u00f3n China","robots":{"index":"index","follow":"follow","max-snippet":"max-snippet:-1","max-image-preview":"max-image-preview:large","max-video-preview":"max-video-preview:-1"},"canonical":"https:\/\/clinicanovovisionchina.com\/?page_id=23","og_locale":"es_ES","og_type":"article","og_title":"\u4ef7\u683c - Novovisi\u00f3n China","og_url":"https:\/\/clinicanovovisionchina.com\/?page_id=23","og_site_name":"Novovisi\u00f3n China","article_modified_time":"2019-05-28T17:12:12+00:00","twitter_card":"summary_large_image","twitter_misc":{"Tiempo de lectura":"2 minutos"},"schema":{"@context":"https:\/\/schema.org","@graph":[{"@type":"WebPage","@id":"https:\/\/clinicanovovisionchina.com\/?page_id=23","url":"https:\/\/clinicanovovisionchina.com\/?page_id=23","name":"\u4ef7\u683c - Novovisi\u00f3n China","isPartOf":{"@id":"https:\/\/clinicanovovisionchina.com\/#website"},"datePublished":"2012-07-10T10:20:34+00:00","dateModified":"2019-05-28T17:12:12+00:00","breadcrumb":{"@id":"https:\/\/clinicanovovisionchina.com\/?page_id=23#breadcrumb"},"inLanguage":"es","potentialAction":[{"@type":"ReadAction","target":["https:\/\/clinicanovovisionchina.com\/?page_id=23"]}]},{"@type":"BreadcrumbList","@id":"https:\/\/clinicanovovisionchina.com\/?page_id=23#breadcrumb","itemListElement":[{"@type":"ListItem","position":1,"name":"Portada","item":"https:\/\/clinicanovovisionchina.com\/"},{"@type":"ListItem","position":2,"name":"\u4ef7\u683c"}]},{"@type":"WebSite","@id":"https:\/\/clinicanovovisionchina.com\/#website","url":"https:\/\/clinicanovovisionchina.com\/","name":"Novovisi\u00f3n China","description":"Cl\u00ednica Oftalmol\u00f3gica","potentialAction":[{"@type":"SearchAction","target":{"@type":"EntryPoint","urlTemplate":"https:\/\/clinicanovovisionchina.com\/?s={search_term_string}"},"query-input":"required name=search_term_string"}],"inLanguage":"es"}]}},"_links":{"self":[{"href":"https:\/\/clinicanovovisionchina.com\/index.php?rest_route=\/wp\/v2\/pages\/23"}],"collection":[{"href":"https:\/\/clinicanovovisionchina.com\/index.php?rest_route=\/wp\/v2\/pages"}],"about":[{"href":"https:\/\/clinicanovovisionchina.com\/index.php?rest_route=\/wp\/v2\/types\/page"}],"author":[{"embeddable":true,"href":"https:\/\/clinicanovovisionchina.com\/index.php?rest_route=\/wp\/v2\/users\/1"}],"replies":[{"embeddable":true,"href":"https:\/\/clinicanovovisionchina.com\/index.php?rest_route=%2Fwp%2Fv2%2Fcomments&post=23"}],"version-history":[{"count":9,"href":"https:\/\/clinicanovovisionchina.com\/index.php?rest_route=\/wp\/v2\/pages\/23\/revisions"}],"predecessor-version":[{"id":150,"href":"https:\/\/clinicanovovisionchina.com\/index.php?rest_route=\/wp\/v2\/pages\/23\/revisions\/150"}],"wp:attachment":[{"href":"https:\/\/clinicanovovisionchina.com\/index.php?rest_route=%2Fwp%2Fv2%2Fmedia&parent=23"}],"curies":[{"name":"wp","href":"https:\/\/api.w.org\/{rel}","templated":true}]}}