{"id":12,"date":"2012-07-10T10:00:00","date_gmt":"2012-07-10T10:00:00","guid":{"rendered":"http:\/\/clinicanovovisionchina.com\/?page_id=12"},"modified":"2019-05-28T17:02:25","modified_gmt":"2019-05-28T17:02:25","slug":"%e5%85%b3%e4%ba%8e%e6%88%91%e4%bb%ac","status":"publish","type":"page","link":"https:\/\/clinicanovovisionchina.com\/?page_id=12","title":{"rendered":"\u5173\u4e8e\u6211\u4eec"},"content":{"rendered":"<div class=\"fusion-fullwidth fullwidth-box fusion-builder-row-1 nonhundred-percent-fullwidth non-hundred-percent-height-scrolling\" style=\"--awb-border-radius-top-left:0px;--awb-border-radius-top-right:0px;--awb-border-radius-bottom-right:0px;--awb-border-radius-bottom-left:0px;--awb-flex-wrap:wrap;\" ><div class=\"fusion-builder-row fusion-row\"><div class=\"fusion-layout-column fusion_builder_column fusion-builder-column-0 fusion_builder_column_1_3 1_3 fusion-one-third fusion-column-first\" style=\"--awb-bg-size:cover;width:30.6666%; margin-right: 4%;\"><div class=\"fusion-column-wrapper fusion-column-has-shadow fusion-flex-column-wrapper-legacy\"><div class=\"fusion-image-element fusion-image-align-center in-legacy-container\" style=\"text-align:center;--awb-caption-title-font-family:var(--h2_typography-font-family);--awb-caption-title-font-weight:var(--h2_typography-font-weight);--awb-caption-title-font-style:var(--h2_typography-font-style);--awb-caption-title-size:var(--h2_typography-font-size);--awb-caption-title-transform:var(--h2_typography-text-transform);--awb-caption-title-line-height:var(--h2_typography-line-height);--awb-caption-title-letter-spacing:var(--h2_typography-letter-spacing);\"><div class=\"imageframe-align-center\"><span class=\" fusion-imageframe imageframe-none imageframe-1 hover-type-none\" style=\"border-radius:10px;\"><img decoding=\"async\" width=\"280\" height=\"187\" alt=\"\u6211\u5728\u54ea\u513f\u53ef\u4ee5\u624b\u672f\uff1f\" title=\"NOVOVISION\" src=\"https:\/\/clinicanovovisionchina.com\/wp-content\/uploads\/2012\/06\/NOVOVISION1.png\" class=\"img-responsive wp-image-81\"\/><\/span><\/div><\/div><div class=\"fusion-clearfix\"><\/div><\/div><\/div><div class=\"fusion-layout-column fusion_builder_column fusion-builder-column-1 fusion_builder_column_2_3 2_3 fusion-two-third fusion-column-last\" style=\"--awb-bg-size:cover;width:65.3333%;\"><div class=\"fusion-column-wrapper fusion-column-has-shadow fusion-flex-column-wrapper-legacy\"><div class=\"fusion-text fusion-text-1\"><h2><strong>Novovision\u773c\u79d1\u8bca\u6240<\/strong><\/h2>\n<p>Novovision\u773c\u79d1\u8bca\u6240\u4ece1994\u5e74\u5f00\u59cb\uff0c\u4e3a\u60a3\u8005\u63d0\u4f9b\u6700\u5148\u8fdb\u6700\u786e\u5207\u7684\u773c\u79d1\u8bca\u65ad\u548c\u6cbb\u7597\uff0c\u5df2\u670920\u51e0\u5e74\u7684\u7ecf\u9a8c\uff0c\u5e76\u4e14\u5728Madrid, Murcia, Almer\u00eda\u90fd\u6709\u8bca\u7597\u4e2d\u5fc3\u3002<\/p>\n<p>\u6211\u4eec\u4e0d\u4ec5\u6709\u4e2d\u6587\u70ed\u7ebf\uff0c\u8fd8\u6709\u514d\u8d39\u5168\u7a0b\u4e2d\u6587\u966a\u540c\u670d\u52a1\u3002<\/p>\n<p>\u8054\u7cfb\u7535\u8bdd <strong>652324044<\/strong> (\u5fae\u4fe1 we chat)<\/p>\n<\/div><div class=\"fusion-clearfix\"><\/div><\/div><\/div><div class=\"fusion-layout-column fusion_builder_column fusion-builder-column-2 fusion_builder_column_1_1 1_1 fusion-one-full fusion-column-first fusion-column-last\" style=\"--awb-bg-size:cover;\"><div class=\"fusion-column-wrapper fusion-column-has-shadow fusion-flex-column-wrapper-legacy\"><div class=\"fusion-text fusion-text-2\"><h2><strong>\u5173\u4e8e\u6211\u4eec<\/strong><\/h2>\n<p>Novovision\u4e13\u4e1a\u773c\u79d1\u56e2\u961f\u7684\u533b\u5e08\u5206\u522b\u6765\u81ea\u4e8e\u773c\u79d1\u75be\u75c5\u7684\u5404\u4e2a\u4e0d\u540c\u9886\u57df\u3002\u5176\u4e2d\u6700\u503c\u5f97\u4e00\u63d0\u7684\u662fMiguel \u00c1ngel Teus\u535a\u58eb\u73b0\u4efbNovovision\u7684\u4e3b\u4efb\u533b\u5e08\uff0c\u540c\u65f6\u4ed6\u4e5f\u662f\u5168\u7403\u5c48\u5149\u624b\u672f\u7ecf\u9a8c\u6700\u4e30\u5bcc\u7684\u4e09\u540d\u773c\u79d1\u5916\u79d1\u533b\u5e08\u4e4b\u4e00\u3002\u6211\u4eec\u7684\u533b\u7597\u56e2\u961f\u5728\u5bf9\u8fd1\u89c6\u548c\u8001\u82b1\u773c\u9886\u57df\u7684\u7814\u7a76\u548c\u53d1\u5c55\u6709\u7740\u975e\u5e38\u91cd\u8981\u7684\u79d1\u5b66\u8d21\u732e\u3002<\/p>\n<p>\u8fd1\u51e0\u5e74\u6765\uff0cNovovision\u4e00\u76f4\u662f\u5c48\u5149\u624b\u672f(\u8fd1\u89c6\uff0c\u8fdc\u89c6\uff0c\u8001\u82b1)\uff0c\u89d2\u819c\u79fb\u690d\uff0c\u9752\u5149\u773c\u548c\u9690\u5f62\u773c\u955c\u63a5\u89e6\u5b66\u53d1\u5c55\u548c\u7814\u7a76\u7684\u56fd\u9645\u9886\u5bfc\u8005\u4e4b\u4e00\u3002<\/p>\n<h3>&#8211;\u00a0\u00a0\u00a0\u00a0\u00a0\u00a0 <strong>\u98de\u79d2\u6fc0\u5149\u6280\u672f<\/strong><strong>100\u500d\u66f4\u7cbe\u51c6\u548c\u5b89\u5168<\/strong><\/h3>\n<p>\u6211\u4eec\u62e5\u6709\u7684\u98de\u79d2\u6fc0\u5149Intralase\u6280\u672f\uff0c\u5b83\u5728\u624b\u672f\u5e72\u9884\u4e2d\u7ed3\u5408\u4e86\u4e24\u79cd\u4e0d\u540c\u7684\u6fc0\u5149\uff0c\u56e0\u6b64\u6bd4\u73b0\u6709\u7684LASIK\u6280\u672f\u66f4\u7cbe\u51c6\u548c\u5b89\u5168100\u500d\u3002\u540c\u65f6\u5728\u897f\u73ed\u7259\u53ea\u670920%\u7684\u773c\u79d1\u8bca\u6240\u62e5\u6709\u8fd9\u9879\u6280\u672f\uff0cNovovision\u662f\u5176\u4e2d\u4e4b\u4e00\u3002<\/p>\n<p>\u53e6\u5916\uff0c\u5728Novovision\u6211\u4eec\u63d0\u4f9b\u4e00\u79cd\u53ef\u4ee5\u63d0\u9ad8\u591c\u95f4\u89c6\u529b\u8d28\u91cf\u7684\u975e\u7403\u9762\u6cbb\u7597\u3002\u8fd9\u79cd\u6280\u672f\u5728\u56fd\u9645\u4e0a\u662f\u9996\u5c48\u4e00\u6307\u7684\uff0c\u7136\u800c\u6211\u4eec\u5728\u8fd9\u9879\u6280\u7684\u56fd\u9645\u9886\u57df\u5df2\u7ecf\u53d1\u5e03\u4e8612\u7bc7\u91cd\u8981\u7684\u51fa\u7248\u6587\u7ae0\u3002\u53ef\u4ee5\u8bf4\uff0cNovovision\u7684\u533b\u7597\u56e2\u961f\u5bf9\u73b0\u4ee3\u5148\u8fdb\u6fc0\u5149\u624b\u672f\u7684\u53d1\u5c55\u7814\u7a76\u8d77\u5230\u4e86\u91cd\u8981\u7684\u4f5c\u7528\u3002<\/p>\n<h3>&#8211;\u00a0\u00a0\u00a0\u00a0\u00a0\u00a0 <strong>\u5956\u9879<\/strong><\/h3>\n<p>Novovision\u662f\u552f\u4e00\u7684\u4e00\u5bb6\u88ab\u6b27\u6d32\u767d\u5185\u969c\u548c\u5c48\u5149\u77eb\u6b63\u5916\u79d1\u533b\u5e08\u534f\u4f1a\u63d0\u540d\u7684\u201c\u6700\u597d\u4e2d\u7684\u6700\u597d\u201d\u897f\u73ed\u7259\u773c\u79d1\u8bca\u6240\u3002\u540c\u65f6\u6211\u4eec\u575a\u4fe1\u8bca\u6240\u533b\u7597\u56e2\u961f\u7684\u201c\u4e13\u4e1a\u77e5\u8bc6\u201d\u662f\u81f3\u5173\u91cd\u8981\u7684\u3002Novovision\u62e5\u670935\u9879\u4e13\u4e1a\u5956\u9879\uff0c37\u4e2a\u77e5\u8bc6\u4ea7\u6743\uff0c\u88ab\u8ba4\u4e3a\u662f\u4e16\u754c\u4e0a\u6700\u597d\u7684\u533b\u7597\u56e2\u961f\u4e4b\u4e00\u30022016\u5e74\uff0c\u6211\u4eec\u83b7\u5f97\u4e86\u5168\u56fd\u5c48\u5149\u624b\u672f\u91d1\u5956\u3002<\/p>\n<p>Novovision\u627f\u8bfa\u643a\u624b\u4e0e\u60a3\u8005\u4e00\u8d77\u6539\u5584\u548c\u786e\u4fdd\u4f60\u4eec\u7684\u89c6\u529b\u5065\u5eb7\u3002\u60a3\u8005\u548c\u6211\u4eec\u7b7e\u8ba2\u624b\u672f\u5408\u540c\u540e\uff0c\u6211\u4eec\u4f1a\u5bf9\u6bcf\u4e00\u60a3\u8005\u505a\u5168\u9762\u7684\u773c\u90e8\u68c0\u67e5\uff0c\u505a\u51fa\u8be6\u7ec6\u7684\u6cbb\u7597\u65b9\u6848\uff0c\u4ece\u800c\u907f\u514d\u672f\u540e\u89c6\u529b\u65e0\u6cd5\u8fbe\u5230\u9884\u671f\u7684\u6548\u679c\uff0c\u6216\u8005\u4ecd\u7136\u9700\u8981\u914d\u6234\u773c\u955c\u6216\u9690\u5f62\u773c\u955c\u6765\u8f85\u52a9\u89c6\u529b\u7684\u95ee\u9898\u3002\u5e2e\u52a9\u60a3\u8005\u83b7\u5f97\u6700\u597d\u7684\u89c6\u529b\u6062\u590d\u6548\u679c\u662f\u6211\u4eec\u4e00\u76f4\u73cd\u89c6\u7684\u76ee\u6807\u3002<\/p>\n<p>\u9664\u4e86\u9ad8\u7d20\u8d28\u7684\u533b\u7597\u56e2\u961f\u5916\uff0c\u6211\u4eec\u4e5f\u627f\u8bfa\u8fd0\u7528\u6700\u5c16\u7aef\u7684\u6280\u672f\u6765\u89e3\u51b3\u60a3\u8005\u7684\u773c\u79d1\u95ee\u9898\u3002<\/p>\n<\/div><div class=\"fusion-clearfix\"><\/div><\/div><\/div><div class=\"fusion-layout-column fusion_builder_column fusion-builder-column-3 fusion_builder_column_1_1 1_1 fusion-one-full fusion-column-first fusion-column-last\" style=\"--awb-bg-size:cover;\"><div class=\"fusion-column-wrapper fusion-column-has-shadow fusion-flex-column-wrapper-legacy\"><div class=\"fusion-text fusion-text-3\"><h2><strong>\u6211\u4eec\u7684\u533b\u7597\u56e2\u961f<\/strong><\/h2>\n<p><strong>Novovision\u4e13\u4e1a\u7684\u5916\u79d1\u624b\u672f\u533b\u5e08\u8fd0\u7528LASIK, FEMTO\uff0cPRK\u548cICL\u6280\u672f\u4e3a\u60a3\u8005\u89e3\u51b3\u8fd1\u89c6\uff0c\u8fdc\u89c6\u548c\u6563\u5149\u95ee\u9898\u3002<\/strong><\/p>\n<\/div><div class=\"fusion-clearfix\"><\/div><\/div><\/div><div class=\"fusion-layout-column fusion_builder_column fusion-builder-column-4 fusion_builder_column_1_1 1_1 fusion-one-full fusion-column-first fusion-column-last\" style=\"--awb-bg-size:cover;\"><div class=\"fusion-column-wrapper fusion-column-has-shadow fusion-flex-column-wrapper-legacy\"><div class=\"fusion-text fusion-text-4\"><h2><strong>\u9a6c\u5fb7\u91cc\u75c7\u6240\u7684\u533b\u56e2\u961f<\/strong><\/h2>\n<p><strong>Miguel\u00c1ngelTeus\u535a\u58eb<\/strong>\u00a0 Novovision\u4e3b\u6cbb\u4e3b\u4efb\u533b\u5e08\uff0c\u73b0\u4efb\u5927\u5b66\u773c\u79d1\u6559\u6388\u3002\u5c48\u5149\u4e0d\u6b63\uff0c\u9752\u5149\u773c\u548c\u767d\u5185\u969c\u9886\u57df\u7684\u5916\u79d1\u624b\u672f\u548c\u7814\u7a76\u3002<\/p>\n<p><strong>Marco Sales\u535a\u58eb<\/strong>\u00a0 \u773c\u90e8\u6574\u5f62\u548c\u773c\u7751\u7f8e\u5bb9\u9886\u57df\u7684\u5916\u79d1\u624b\u672f\u548c\u7814\u7a76\u3002<br \/>\n<strong>Javier Paz\u535a\u58eb<\/strong>\u00a0 \u5c48\u5149\u4e0d\u6b63\u548c\u767d\u5185\u969c\u9886\u57df\u7684\u4e3b\u6cbb\u548c\u7814\u7a76\u3002<\/p>\n<p><strong>Isabel Valls\u535a\u58eb<\/strong>\u00a0 \u513f\u7ae5\u773c\u79d1\u548c\u5e7c\u513f\u659c\u89c6\u9886\u57df\u7684\u4e3b\u6cbb\u548c\u7814\u7a76\u3002<\/p>\n<p><strong>Diego Ruiz Casas\u535a\u58eb<\/strong>\u00a0 \u6676\u72b6\u4f53\u89c6\u7f51\u819c\u5916\u79d1\u624b\u672f\u548c\u7814\u7a76\u3002<\/p>\n<p><strong>Carolina Arruabarrena\u535a\u58eb<\/strong>\u00a0 \u89c6\u7f51\u819c\u533b\u5b66\u7814\u7a76\u548c\u767d\u5185\u969c\u5916\u79d1\u624b\u672f\u3002<\/p>\n<p><strong>Dr. Juan Pedro Abad<\/strong><strong>\u535a\u58eb<\/strong>\u00a0 \u5c48\u5149\u4e0d\u6b63\u5916\u79d1\u624b\u672f\u548c\u773c\u775b\u524d\u623f\u90e8\u4f4d\u7814\u7a76\u3002<\/p>\n<p><strong>Dra. Pilar Drake<\/strong><strong>\u535a\u58eb<\/strong>\u00a0 \u5c48\u5149\u4e0d\u6b63\uff0c\u767d\u5185\u969c\u548c\u9752\u5149\u773c\u9886\u57df\u7684\u4e3b\u6cbb\u548c\u7814\u7a76\u3002<\/p>\n<p><strong>Esther Arranz\u535a\u58eb<\/strong>\u00a0 \u9752\u5149\u773c\u4e3b\u6cbb\u533b\u5e08\u3002<\/p>\n<p><strong>Dr. Jorge Torres<\/strong><strong>\u535a\u58eb <\/strong>\u00a0\u513f\u7ae5\u773c\u79d1\u548c\u5e7c\u513f\u659c\u89c6\u7684\u4e3b\u6cbb\u548c\u7814\u7a76\u3002<\/p>\n<p><strong>Dra. Montserrat Garc\u00eda<\/strong><strong>\u535a\u58eb<\/strong>\u00a0 \u8461\u8404\u819c\u4e3b\u6cbb\u548c\u7814\u7a76\u3002<\/p>\n<p><strong>Cesa Villa\u535a\u58eb<\/strong>\u00a0 \u9690\u5f62\u773c\u955c\u63a5\u89e6\u90e8\u4e3b\u6cbb\u4e3b\u4efb\u533b\u5e08\u3002\u9a8c\u5149\u5b66\u548c\u89c6\u5149\u5b66\u65b9\u9762\u7684\u7814\u7a76\u3002<\/p>\n<p><strong>Juan Gonzalo Carracedo\u535a\u58eb<\/strong>\u00a0 \u9690\u5f62\u773c\u955c\u63a5\u89e6\u90e8\u4e3b\u6cbb\u4e3b\u4efb\u533b\u5e08\u3002\u9a8c\u5149\u5b66\u548c\u89c6\u5149\u5b66<\/p>\n<p>\u65b9\u9762\u7684\u7814\u7a76\u3002<\/p>\n<p><strong>Alba Mart\u00edn Gil\u535a\u58eb<\/strong>\u00a0 \u9690\u5f62\u773c\u955c\u63a5\u89e6\u90e8\u4e3b\u6cbb\u533b\u5e08\u3002\u9a8c\u5149\u5b66\uff0c\u89c6\u5149\u5b66\u548c\u9ad8\u7ea7\u63a5\u89e6\u5b66\u7814\u7a76\u3002<\/p>\n<p><strong>Alberto Rodero Serrano<\/strong>\u00a0 \u8d1f\u8d23\u9a8c\u5149\u548c\u7814\u7a76\u6d3b\u52a8\u3002<\/p>\n<p><strong>M\u00aa Isabel Rodr\u00edguez<\/strong>\u00a0 \u8d1f\u8d23\u9a8c\u5149\u548c\u7814\u7a76\u6d3b\u52a8\u3002<\/p>\n<p><strong>Raquel Aranda Benito<\/strong>\u00a0 \u8d1f\u8d23\u9a8c\u5149\u548c\u7814\u7a76\u6d3b\u52a8\u3002<\/p>\n<p><strong>Gorka Laucirica Saez<\/strong>\u00a0 \u8d1f\u8d23\u9a8c\u5149\u548c\u7814\u7a76\u6d3b\u52a8\u3002<\/p>\n<\/div><div class=\"fusion-clearfix\"><\/div><\/div><\/div><\/div><\/div>\n","protected":false},"excerpt":{"rendered":"","protected":false},"author":1,"featured_media":0,"parent":0,"menu_order":0,"comment_status":"closed","ping_status":"open","template":"","meta":{"footnotes":""},"yoast_head":"<!-- This site is optimized with the Yoast SEO plugin v22.8 - https:\/\/yoast.com\/wordpress\/plugins\/seo\/ -->\n<title>\u5173\u4e8e\u6211\u4eec - Novovisi\u00f3n China<\/title>\n<meta name=\"robots\" content=\"index, follow, max-snippet:-1, max-image-preview:large, max-video-preview:-1\" \/>\n<link rel=\"canonical\" href=\"https:\/\/clinicanovovisionchina.com\/?page_id=12\" \/>\n<meta property=\"og:locale\" content=\"es_ES\" \/>\n<meta property=\"og:type\" content=\"article\" \/>\n<meta property=\"og:title\" content=\"\u5173\u4e8e\u6211\u4eec - Novovisi\u00f3n China\" \/>\n<meta property=\"og:url\" content=\"https:\/\/clinicanovovisionchina.com\/?page_id=12\" \/>\n<meta property=\"og:site_name\" content=\"Novovisi\u00f3n China\" \/>\n<meta property=\"article:modified_time\" content=\"2019-05-28T17:02:25+00:00\" \/>\n<meta name=\"twitter:card\" content=\"summary_large_image\" \/>\n<meta name=\"twitter:label1\" content=\"Tiempo de lectura\" \/>\n\t<meta name=\"twitter:data1\" content=\"4 minutos\" \/>\n<script type=\"application\/ld+json\" class=\"yoast-schema-graph\">{\"@context\":\"https:\/\/schema.org\",\"@graph\":[{\"@type\":\"WebPage\",\"@id\":\"https:\/\/clinicanovovisionchina.com\/?page_id=12\",\"url\":\"https:\/\/clinicanovovisionchina.com\/?page_id=12\",\"name\":\"\u5173\u4e8e\u6211\u4eec - Novovisi\u00f3n China\",\"isPartOf\":{\"@id\":\"https:\/\/clinicanovovisionchina.com\/#website\"},\"datePublished\":\"2012-07-10T10:00:00+00:00\",\"dateModified\":\"2019-05-28T17:02:25+00:00\",\"breadcrumb\":{\"@id\":\"https:\/\/clinicanovovisionchina.com\/?page_id=12#breadcrumb\"},\"inLanguage\":\"es\",\"potentialAction\":[{\"@type\":\"ReadAction\",\"target\":[\"https:\/\/clinicanovovisionchina.com\/?page_id=12\"]}]},{\"@type\":\"BreadcrumbList\",\"@id\":\"https:\/\/clinicanovovisionchina.com\/?page_id=12#breadcrumb\",\"itemListElement\":[{\"@type\":\"ListItem\",\"position\":1,\"name\":\"Portada\",\"item\":\"https:\/\/clinicanovovisionchina.com\/\"},{\"@type\":\"ListItem\",\"position\":2,\"name\":\"\u5173\u4e8e\u6211\u4eec\"}]},{\"@type\":\"WebSite\",\"@id\":\"https:\/\/clinicanovovisionchina.com\/#website\",\"url\":\"https:\/\/clinicanovovisionchina.com\/\",\"name\":\"Novovisi\u00f3n China\",\"description\":\"Cl\u00ednica Oftalmol\u00f3gica\",\"potentialAction\":[{\"@type\":\"SearchAction\",\"target\":{\"@type\":\"EntryPoint\",\"urlTemplate\":\"https:\/\/clinicanovovisionchina.com\/?s={search_term_string}\"},\"query-input\":\"required name=search_term_string\"}],\"inLanguage\":\"es\"}]}<\/script>\n<!-- \/ Yoast SEO plugin. -->","yoast_head_json":{"title":"\u5173\u4e8e\u6211\u4eec - Novovisi\u00f3n China","robots":{"index":"index","follow":"follow","max-snippet":"max-snippet:-1","max-image-preview":"max-image-preview:large","max-video-preview":"max-video-preview:-1"},"canonical":"https:\/\/clinicanovovisionchina.com\/?page_id=12","og_locale":"es_ES","og_type":"article","og_title":"\u5173\u4e8e\u6211\u4eec - Novovisi\u00f3n China","og_url":"https:\/\/clinicanovovisionchina.com\/?page_id=12","og_site_name":"Novovisi\u00f3n China","article_modified_time":"2019-05-28T17:02:25+00:00","twitter_card":"summary_large_image","twitter_misc":{"Tiempo de lectura":"4 minutos"},"schema":{"@context":"https:\/\/schema.org","@graph":[{"@type":"WebPage","@id":"https:\/\/clinicanovovisionchina.com\/?page_id=12","url":"https:\/\/clinicanovovisionchina.com\/?page_id=12","name":"\u5173\u4e8e\u6211\u4eec - Novovisi\u00f3n China","isPartOf":{"@id":"https:\/\/clinicanovovisionchina.com\/#website"},"datePublished":"2012-07-10T10:00:00+00:00","dateModified":"2019-05-28T17:02:25+00:00","breadcrumb":{"@id":"https:\/\/clinicanovovisionchina.com\/?page_id=12#breadcrumb"},"inLanguage":"es","potentialAction":[{"@type":"ReadAction","target":["https:\/\/clinicanovovisionchina.com\/?page_id=12"]}]},{"@type":"BreadcrumbList","@id":"https:\/\/clinicanovovisionchina.com\/?page_id=12#breadcrumb","itemListElement":[{"@type":"ListItem","position":1,"name":"Portada","item":"https:\/\/clinicanovovisionchina.com\/"},{"@type":"ListItem","position":2,"name":"\u5173\u4e8e\u6211\u4eec"}]},{"@type":"WebSite","@id":"https:\/\/clinicanovovisionchina.com\/#website","url":"https:\/\/clinicanovovisionchina.com\/","name":"Novovisi\u00f3n China","description":"Cl\u00ednica Oftalmol\u00f3gica","potentialAction":[{"@type":"SearchAction","target":{"@type":"EntryPoint","urlTemplate":"https:\/\/clinicanovovisionchina.com\/?s={search_term_string}"},"query-input":"required name=search_term_string"}],"inLanguage":"es"}]}},"_links":{"self":[{"href":"https:\/\/clinicanovovisionchina.com\/index.php?rest_route=\/wp\/v2\/pages\/12"}],"collection":[{"href":"https:\/\/clinicanovovisionchina.com\/index.php?rest_route=\/wp\/v2\/pages"}],"about":[{"href":"https:\/\/clinicanovovisionchina.com\/index.php?rest_route=\/wp\/v2\/types\/page"}],"author":[{"embeddable":true,"href":"https:\/\/clinicanovovisionchina.com\/index.php?rest_route=\/wp\/v2\/users\/1"}],"replies":[{"embeddable":true,"href":"https:\/\/clinicanovovisionchina.com\/index.php?rest_route=%2Fwp%2Fv2%2Fcomments&post=12"}],"version-history":[{"count":11,"href":"https:\/\/clinicanovovisionchina.com\/index.php?rest_route=\/wp\/v2\/pages\/12\/revisions"}],"predecessor-version":[{"id":147,"href":"https:\/\/clinicanovovisionchina.com\/index.php?rest_route=\/wp\/v2\/pages\/12\/revisions\/147"}],"wp:attachment":[{"href":"https:\/\/clinicanovovisionchina.com\/index.php?rest_route=%2Fwp%2Fv2%2Fmedia&parent=12"}],"curies":[{"name":"wp","href":"https:\/\/api.w.org\/{rel}","templated":true}]}}